
Is 3 a factor of 11046?
True
Does 15 divide 261186?
False
Is 172517 a multiple of 24?
False
Is 1603005 a multiple of 411?
False
Does 3 divide 440445?
True
Is 78698 a multiple of 29?
False
Is 3681942 a multiple of 9?
False
Is 23 a factor of 1666695?
True
Is 9 a factor of 53694?
True
Is 878250 a multiple of 75?
True
Does 300 divide 5683?
False
Is 17423565 a multiple of 615?
True
Is 13 a factor of 17971065?
False
Is 3028350 a multiple of 39?
True
Does 253 divide 340032?
True
Is 193522 a multiple of 21?
False
Is 384 a factor of 1530989?
False
Is 15 a factor of 30328?
False
Does 70 divide 49424?
False
Does 24 divide 702294?
False
Is 3007310 a multiple of 109?
True
Is 313 a factor of 260843?
False
Is 69 a factor of 1064601?
True
Is 208754 a multiple of 62?
True
Does 18 divide 92628?
True
Is 167110 a multiple of 240?
False
Is 49 a factor of 147?
True
Does 734 divide 3813864?
True
Is 19383 a multiple of 43?
False
Does 212 divide 4017612?
True
Does 154 divide 35178?
False
Does 183 divide 190503?
True
Is 33630005 a multiple of 611?
False
Is 128709 a multiple of 81?
True
Does 23 divide 1820732?
False
Does 19 divide 626867?
True
Is 1416045 a multiple of 77?
False
Is 271 a factor of 684275?
True
Does 893 divide 604013?
False
Is 11554705 a multiple of 7?
False
Does 12 divide 1206048?
True
Does 3 divide 169730?
False
Is 303857 a multiple of 6?
False
Is 88 a factor of 397456?
False
Does 8 divide 5752256?
True
Is 909 a multiple of 136?
False
Is 1308456 a multiple of 36?
True
Is 1625 a factor of 3646500?
True
Is 5326761 a multiple of 123?
True
Is 31 a factor of 2772547?
True
Is 16 a factor of 2548720?
True
Is 197 a factor of 2971753?
False
Is 36779 a multiple of 5?
False
Is 56 a factor of 1339012?
False
Is 83162 a multiple of 38?
False
Is 58 a factor of 15039052?
True
Is 63 a factor of 1426698?
True
Is 386 a factor of 23187575?
False
Is 614 a factor of 204540?
False
Is 10892 a multiple of 4?
True
Is 23635 a multiple of 5?
True
Is 135 a factor of 1466350?
False
Does 13 divide 5541244?
False
Is 257856 a multiple of 3?
True
Is 136 a factor of 204925?
False
Is 68 a factor of 59191?
False
Does 108 divide 23868?
True
Is 527017 a multiple of 17?
True
Is 6637227 a multiple of 459?
False
Is 35235 a multiple of 9?
True
Does 29 divide 126133?
False
Does 1152 divide 11063808?
True
Does 169 divide 2159179?
False
Does 89 divide 5514165?
False
Does 128 divide 1985822?
False
Is 20 a factor of 71240?
True
Is 376078 a multiple of 6?
False
Is 7 a factor of 135625?
True
Is 568380 a multiple of 12?
True
Is 1033105 a multiple of 36?
False
Is 4 a factor of 48748?
True
Is 257 a factor of 19659319?
False
Is 93694 a multiple of 29?
False
Is 330 a factor of 61427?
False
Is 8174034 a multiple of 486?
True
Is 3 a factor of 188359?
False
Does 2 divide 26774?
True
Is 277 a factor of 1387052?
False
Does 3 divide 39827?
False
Is 11 a factor of 44473?
True
Is 79 a factor of 5939220?
True
Is 59724 a multiple of 84?
True
Is 648161 a multiple of 181?
True
Is 352644 a multiple of 4?
True
Is 55 a factor of 177705?
True
Does 29 divide 75487?
True
Is 56882 a multiple of 16?
False
Is 39962 a multiple of 106?
True
Is 5 a factor of 98940?
True
Is 16 a factor of 4327456?
True
Is 128 a factor of 1881521?
False
Is 144716 a multiple of 52?
True
Does 32 divide 3184017?
False
Does 269 divide 252412?
False
Does 171 divide 2250873?
True
Is 88614 a multiple of 37?
False
Does 18 divide 4405798?
False
Is 495408 a multiple of 16?
True
Does 48 divide 62460?
False
Is 42 a factor of 8328348?
True
Is 19 a factor of 463088?
False
Does 100 divide 1544180?
False
Does 207 divide 196650?
True
Is 204929 a multiple of 39?
False
Is 147 a factor of 5529689?
False
Is 40 a factor of 72661?
False
Is 44766 a multiple of 18?
True
Is 255 a factor of 3824550?
False
Is 85670 a multiple of 5?
True
Does 100 divide 7983200?
True
Does 21 divide 1050210?
True
Is 58292 a multiple of 26?
True
Does 69 divide 24561?
False
Does 17 divide 4677606?
False
Is 69 a factor of 342861?
True
Is 3302694 a multiple of 18?
True
Does 583 divide 1761243?
True
Is 7169700 a multiple of 125?
False
Does 170 divide 95540?
True
Is 5173237 a multiple of 13?
False
Does 11 divide 271634?
True
Does 12 divide 105297?
False
Is 3095694 a multiple of 14?
True
Is 6 a factor of 26506?
False
Does 29 divide 2460534?
True
Does 12 divide 15300288?
True
Is 150783 a multiple of 37?
False
Does 238 divide 6242?
False
Is 647365 a multiple of 13?
False
Is 220160 a multiple of 128?
True
Is 399078 a multiple of 88?
False
Is 62 a factor of 105846?
False
Is 488618 a multiple of 594?
False
Is 51 a factor of 14542820?
False
Is 104832 a multiple of 28?
True
Does 603 divide 2015226?
True
Does 91 divide 4265989?
True
Does 279 divide 1258436?
False
Does 9 divide 143659?
False
Is 33 a factor of 7335702?
True
Is 1383074 a multiple of 11?
True
Is 305239 a multiple of 308?
False
Does 42 divide 12163410?
True
Is 268 a factor of 429755?
False
Is 21 a factor of 9338815?
False
Does 166 divide 351090?
True
Is 2369690 a multiple of 401?
False
Does 56 divide 1506792?
True
Is 2027090 a multiple of 403?
True
Is 5259472 a multiple of 1637?
False
Does 79 divide 55695?
True
Does 360 divide 839520?
True
Is 119286 a multiple of 47?
True
Does 223 divide 3559?
False
Is 50 a factor of 3690640?
False
Is 159800 a multiple of 16?
False
Is 309100 a multiple of 140?
False
Does 491 divide 1257415?
False
Does 63 divide 942286?
False
Does 223 divide 1460856?
False
Is 47344 a multiple of 8?
True
Is 31 a factor of 63274?
False
Is 308 a factor of 373604?
True
Is 3 a factor of 1496859?
True
Is 26383053 a multiple of 13?
False
Is 119 a factor of 34841?
False
Is 113 a factor of 163963?
True
Is 311460 a multiple of 348?
True
Is 8 a factor of 1525912?
True
Is 349 a factor of 633513?
False
Does 56 divide 747093?
False
Does 28 divide 46452?
True
Is 10 a factor of 44510?
True
Is 93399 a multiple of 191?
True
Does 5 divide 86790?
True
Is 1037994 a multiple of 44?
False
Is 6 a factor of 6948?
True
Is 8544396 a multiple of 42?
True
Is 8788224 a multiple of 64?
True
Does 23 divide 6941055?
True
Does 14 divide 1504678?
True
Is 228 a factor of 12207120?
True
Is 12 a factor of 1067184?
True
Is 19 a factor of 6922536?
True
Is 7 a factor of 464338?
True
Is 50 a factor of 102827?
False
Is 99455 a multiple of 13?
False
Does 10 divide 228260?
True
Is 44 a factor of 22923516?
True
Does 110 divide 2235960?
False
Is 1967413 a multiple of 371?
True
Is 25 a factor of 512611?
False
Is 136253 a multiple of 223?
True
Is 229 a factor of 504716?
True
Is 87417 a multiple of 9?
True
Does 4 divide 17478?
False
Is 215 a factor of 3383691?
False
Is 226 a factor of 976504?
False
Is 10873710 a multiple of 18?
True
Is 271673 a multiple of 107?
True
Is 236 a factor of 571828?
True
Is 3 a factor of 152958?
True
Is 4068 a multiple of 12?
True
Does 35 divide 215565?
True
Does 17 divide 45016?
True
Is 2766829 a multiple of 1022?
False
Is 42500 a multiple of 17?
True
Is 509952 a multiple of 166?
True
Is 22 a factor of 10546030?
True
Does 676 divide 1740024?
True
Is 102 a factor of 4406910?
True
Does 22 divide 22730?
False
Is 785870 a multiple of 10?
True
Is 19 a factor of 890570?
False
Is 578 a factor of 721344?
True
Is 472260 a multiple of 20?
True
Is 5994055 a multiple of 1275?
False
Is 66736 a multiple of 38?
False
Is 17 a factor of 118558?
True
Does 70 divide 2456020?
True
Is 9 a factor of 901563?
False
Does 1375 divide 1494625?
True
Is 1509 a factor of 12821973?
True
Is 5899253 a multiple of 130?
False
Is 177 a factor of 791349?
False
Is 103863 a multiple of 140?
False
Is 3 a factor of 540?
True
Does 28 divide 462865?
False
Is 194880 a multiple of 4?
True
Does 1100 divide 448292?
False
Is 586 a factor of 8040506?
True
Is 192289 a multiple of 18?
False
Does 28 divide 408268?
True
Does 29 divide 19396?
False
Does 389 divide 1999034?
False
Does 995 divide 7996815?
True
Does 38 divide 133601?
False
Is 143136 a multiple of 71?
True
Is 32 a factor of 336708?
False
Is 904 a factor of 5622880?
True
Is 7 a factor of 78447?
False
Is 1453105 a multiple of 13?
False
Is 75 a factor of 332625?
True
Does 15 divide 1312037?
False
Is 125 a factor of 9753265?
False
Does 16 divide 79451?
False
Is 78 a factor of 3243518?
False
Is 19 a factor of 691999?
True
Is 12 a factor of 129